{"id":106564,"date":"2025-03-26T10:41:35","date_gmt":"2025-03-26T09:41:35","guid":{"rendered":"http:\/\/wordpress.hofwerkstatt.de\/?post_type=etn&#038;p=106564"},"modified":"2025-12-15T12:45:14","modified_gmt":"2025-12-15T11:45:14","slug":"yoga-es-ist-deine-zeit-40","status":"publish","type":"etn","link":"https:\/\/hofwerkstatt.de\/en\/programm\/yoga-es-ist-deine-zeit\/yoga-es-ist-deine-zeit-40\/","title":{"rendered":"Yoga \u2013 es ist Deine Zeit!"},"content":{"rendered":"<h5>Susanne Klamm-Fiolka<\/h5>\n<blockquote class=\"zitat_fliesstext\"><p>&#8222;Warum sollten wir alle unsere kreative Kraft nutzen&#8230;?<br \/>Weil es nichts gibt, das Menschen so gro\u00dfz\u00fcgig, so froh, so lebendig, so mutig und so mitf\u00fchlend werden l\u00e4\u00dft und so gleichg\u00fcltig dem K\u00e4mpfen gegen\u00fcber und der Anh\u00e4ufung von G\u00fctern und Geld.&#8220;<\/p><\/blockquote>\n<p>Zitat von Brenda Ueland<\/p>\n<p>\u00a0<\/p>\n<p><strong><span class=\"contentLinksBraun\">DI<\/span>\u00a0| 17.45-19.15 h | Allgemeine offene Gruppe<\/strong><\/p>\n<p>Der Kurs findet w\u00f6chentlich statt, ausgenommen sind Ferien und Feiertage in NRW. Einstieg jederzeit m\u00f6glich | Probestunde kostenlos Anf\u00e4nger willkommen<br \/>Kursgeb\u00fchr mtl. 45 \u20ac | Die Wirkung von Yoga erstreckt sich auf alle Ebenen des menschlichen Lebens: die k\u00f6rperliche, die mentale und die spirituelle. Yoga ist eine praktische Methode, durch die wir unserem Leben Richtung, Sinn und W\u00fcrde geben k\u00f6nnen.<\/p>\n\n<div class=\"wpcf7 no-js\" id=\"wpcf7-f106569-o1\" lang=\"de-DE\" dir=\"ltr\" data-wpcf7-id=\"106569\">\n<div class=\"screen-reader-response\"><p role=\"status\" aria-live=\"polite\" aria-atomic=\"true\"><\/p> <ul><\/ul><\/div>\n<form action=\"\/en\/wp-json\/wp\/v2\/etn\/106564#wpcf7-f106569-o1\" method=\"post\" class=\"wpcf7-form init\" aria-label=\"Kontaktformular\" novalidate=\"novalidate\" data-status=\"init\" data-trp-original-action=\"\/en\/wp-json\/wp\/v2\/etn\/106564#wpcf7-f106569-o1\">\n<fieldset class=\"hidden-fields-container\"><input type=\"hidden\" name=\"_wpcf7\" value=\"106569\" \/><input type=\"hidden\" name=\"_wpcf7_version\" value=\"6.1.5\" \/><input type=\"hidden\" name=\"_wpcf7_locale\" value=\"de_DE\" \/><input type=\"hidden\" name=\"_wpcf7_unit_tag\" value=\"wpcf7-f106569-o1\" \/><input type=\"hidden\" name=\"_wpcf7_container_post\" value=\"0\" \/><input type=\"hidden\" name=\"_wpcf7_posted_data_hash\" value=\"\" \/>\n<\/fieldset>\n<h5>Kursanfrage \"Yoga \u2013 es ist Deine Zeit\"\n<\/h5>\n<p>&nbsp;\n<\/p>\n<p><label> Ihr Name<br \/>\n<span class=\"wpcf7-form-control-wrap\" data-name=\"your-name\"><input size=\"40\" maxlength=\"400\" class=\"wpcf7-form-control wpcf7-text wpcf7-validates-as-required\" autocomplete=\"name\" aria-required=\"true\" aria-invalid=\"false\" value=\"\" type=\"text\" name=\"your-name\" \/><\/span> <\/label>\n<\/p>\n<p><span id=\"wpcf7-69f59dc78a040-wrapper\" class=\"wpcf7-form-control-wrap honeypot-123-wrap\" style=\"display:none !important; visibility:hidden !important;\"><label for=\"wpcf7-69f59dc78a040-field\" class=\"hp-message\">Bitte lasse dieses Feld leer.<\/label><input id=\"wpcf7-69f59dc78a040-field\"  class=\"wpcf7-form-control wpcf7-text\" type=\"text\" name=\"honeypot-123\" value=\"\" size=\"40\" tabindex=\"-1\" autocomplete=\"new-password\" \/><\/span>\n<\/p>\n<p><label> Ihre E-Mail-Adresse<br \/>\n<span class=\"wpcf7-form-control-wrap\" data-name=\"your-email\"><input size=\"40\" maxlength=\"400\" class=\"wpcf7-form-control wpcf7-email wpcf7-validates-as-required wpcf7-text wpcf7-validates-as-email\" autocomplete=\"email\" aria-required=\"true\" aria-invalid=\"false\" value=\"\" type=\"email\" name=\"your-email\" \/><\/span> <\/label>\n<\/p>\n<p><label> Betreff<br \/>\n<span class=\"wpcf7-form-control-wrap\" data-name=\"your-subject\"><input size=\"40\" maxlength=\"400\" class=\"wpcf7-form-control wpcf7-text wpcf7-validates-as-required\" aria-required=\"true\" aria-invalid=\"false\" value=\"\" type=\"text\" name=\"your-subject\" \/><\/span> <\/label>\n<\/p>\n<p><label> Ihre Anschrift<br \/>\n<span class=\"wpcf7-form-control-wrap\" data-name=\"textarea-851\"><textarea cols=\"40\" rows=\"10\" maxlength=\"2000\" class=\"wpcf7-form-control wpcf7-textarea wpcf7-validates-as-required\" aria-required=\"true\" aria-invalid=\"false\" name=\"textarea-851\"><\/textarea><\/span><\/label>\n<\/p>\n<p><label> Telefonnummer<br \/>\n<span class=\"wpcf7-form-control-wrap\" data-name=\"tel-307\"><input size=\"40\" maxlength=\"400\" class=\"wpcf7-form-control wpcf7-tel wpcf7-text wpcf7-validates-as-tel\" aria-invalid=\"false\" value=\"\" type=\"tel\" name=\"tel-307\" \/><\/span><\/label>\n<\/p>\n<p><label> Ihre Nachricht (optional)<br \/>\n<span class=\"wpcf7-form-control-wrap\" data-name=\"your-message\"><textarea cols=\"40\" rows=\"10\" maxlength=\"2000\" class=\"wpcf7-form-control wpcf7-textarea\" aria-invalid=\"false\" name=\"your-message\"><\/textarea><\/span> <\/label>\n<\/p>\n<p><span class=\"wpcf7-form-control-wrap\" data-name=\"acceptance-763\"><span class=\"wpcf7-form-control wpcf7-acceptance\"><span class=\"wpcf7-list-item\"><label><input type=\"checkbox\" name=\"acceptance-763\" value=\"1\" aria-invalid=\"false\" \/><span class=\"wpcf7-list-item-label\">Teilnahmebedingungen anerkannt - <a href=\"\/wp-content\/uploads\/2025\/02\/Teilnahmebedingungen-Kurse-mit-Susanne-Klamm-Fiolka_2.pdf\" target=\"_blank\" rel=\"noopener\">hier lesen<\/a><\/span><\/label><\/span><\/span><\/span>\n<\/p>\n<p><span class=\"wpcf7-form-control-wrap\" data-name=\"acceptance-11\"><span class=\"wpcf7-form-control wpcf7-acceptance\"><span class=\"wpcf7-list-item\"><label><input type=\"checkbox\" name=\"acceptance-11\" value=\"1\" aria-invalid=\"false\" \/><span class=\"wpcf7-list-item-label\">Ich stimme zu, dass meine Angaben aus dem Kontaktformular zur Beantwortung meiner Anfrage und f\u00fcr R\u00fcckfragen dauerhaft gespeichert werden. Hinweis: Sie k\u00f6nnen Ihre Einwilligung jederzeit f\u00fcr die Zukunft per E-Mail an <a href=\"mailto:mail@hofwerkstatt.de\" target=\"_blank\" rel=\"noopener\">mail@hofwerkstatt.de<\/a> widerrufen. Detaillierte Informationen zum Umgang mit Nutzerdaten finden Sie in meiner <a href=\"\/en\/datenschutzerklaerung\/\" target=\"_blank\" rel=\"noopener\">Datenschutzerkl\u00e4rung<\/a>.<\/span><\/label><\/span><\/span><\/span>\n<\/p>\n<p><input class=\"wpcf7-form-control wpcf7-submit has-spinner\" type=\"submit\" value=\"Senden\" \/>\n<\/p><div class=\"wpcf7-response-output\" aria-hidden=\"true\"><\/div>\n<input type=\"hidden\" name=\"trp-form-language\" value=\"en\"\/><\/form>\n<\/div>\n\n<p>\u00a0<\/p>","protected":false},"excerpt":{"rendered":"<p>Susanne Klamm-Fiolka &#8222;Warum sollten wir alle unsere kreative Kraft nutzen&#8230;?Weil es nichts gibt, das Menschen so gro\u00dfz\u00fcgig, so froh, so lebendig, so mutig und so mitf\u00fchlend werden l\u00e4\u00dft und so gleichg\u00fcltig dem K\u00e4mpfen gegen\u00fcber und der Anh\u00e4ufung von G\u00fctern und Geld.&#8220; Zitat von Brenda Ueland \u00a0 DI\u00a0| 17.45-19.15 h | Allgemeine offene Gruppe Der Kurs [&hellip;]<\/p>\n","protected":false},"author":1,"featured_media":105941,"parent":106524,"template":"","etn_category":[26],"etn_tags":[73],"class_list":["post-106564","etn","type-etn","status-publish","has-post-thumbnail","hentry","etn_category-yoga-entspannung","etn_tags-yoga-es-ist-deine-zeit"],"_links":{"self":[{"href":"https:\/\/hofwerkstatt.de\/en\/wp-json\/wp\/v2\/etn\/106564","targetHints":{"allow":["GET"]}}],"collection":[{"href":"https:\/\/hofwerkstatt.de\/en\/wp-json\/wp\/v2\/etn"}],"about":[{"href":"https:\/\/hofwerkstatt.de\/en\/wp-json\/wp\/v2\/types\/etn"}],"author":[{"embeddable":true,"href":"https:\/\/hofwerkstatt.de\/en\/wp-json\/wp\/v2\/users\/1"}],"up":[{"embeddable":true,"href":"https:\/\/hofwerkstatt.de\/en\/wp-json\/wp\/v2\/etn\/106524"}],"wp:featuredmedia":[{"embeddable":true,"href":"https:\/\/hofwerkstatt.de\/en\/wp-json\/wp\/v2\/media\/105941"}],"wp:attachment":[{"href":"https:\/\/hofwerkstatt.de\/en\/wp-json\/wp\/v2\/media?parent=106564"}],"wp:term":[{"taxonomy":"etn_category","embeddable":true,"href":"https:\/\/hofwerkstatt.de\/en\/wp-json\/wp\/v2\/etn_category?post=106564"},{"taxonomy":"etn_tags","embeddable":true,"href":"https:\/\/hofwerkstatt.de\/en\/wp-json\/wp\/v2\/etn_tags?post=106564"}],"curies":[{"name":"wp","href":"https:\/\/api.w.org\/{rel}","templated":true}]}}

<h5>Susanne Klamm-Fiolka</h5>
<blockquote class="zitat_fliesstext"><p>&#8222;Warum sollten wir alle unsere kreative Kraft nutzen&#8230;?<br />Weil es nichts gibt, das Menschen so großzügig, so froh, so lebendig, so mutig und so mitfühlend werden läßt und so gleichgültig dem Kämpfen gegenüber und der Anhäufung von Gütern und Geld.&#8220;</p></blockquote>
<p>Zitat von Brenda Ueland</p>
<p> </p>
<p><strong><span class="contentLinksBraun">DI</span> | 17.45-19.15 h | Allgemeine offene Gruppe</strong></p>
<p>Der Kurs findet wöchentlich statt, ausgenommen sind Ferien und Feiertage in NRW. Einstieg jederzeit möglich | Probestunde kostenlos Anfänger willkommen<br />Kursgebühr mtl. 45 € | Die Wirkung von Yoga erstreckt sich auf alle Ebenen des menschlichen Lebens: die körperliche, die mentale und die spirituelle. Yoga ist eine praktische Methode, durch die wir unserem Leben Richtung, Sinn und Würde geben können.</p>

<div class="wpcf7 no-js" id="wpcf7-f106569-o1" lang="de-DE" dir="ltr" data-wpcf7-id="106569">
<div class="screen-reader-response"><p role="status" aria-live="polite" aria-atomic="true"></p> <ul></ul></div>
<form action="/en/wp-json/wp/v2/etn/106564#wpcf7-f106569-o1" method="post" class="wpcf7-form init" aria-label="Kontaktformular" novalidate="novalidate" data-status="init" data-trp-original-action="/en/wp-json/wp/v2/etn/106564#wpcf7-f106569-o1">
<fieldset class="hidden-fields-container"><input type="hidden" name="_wpcf7" value="106569" /><input type="hidden" name="_wpcf7_version" value="6.1.5" /><input type="hidden" name="_wpcf7_locale" value="de_DE" /><input type="hidden" name="_wpcf7_unit_tag" value="wpcf7-f106569-o1" /><input type="hidden" name="_wpcf7_container_post" value="0" /><input type="hidden" name="_wpcf7_posted_data_hash" value="" />
</fieldset>
<h5>Kursanfrage "Yoga – es ist Deine Zeit"
</h5>
<p>&nbsp;
</p>
<p><label> Ihr Name<br />
<span class="wpcf7-form-control-wrap" data-name="your-name"><input size="40" maxlength="400" class="wpcf7-form-control wpcf7-text wpcf7-validates-as-required" autocomplete="name" aria-required="true" aria-invalid="false" value="" type="text" name="your-name" /></span> </label>
</p>
<p><span id="wpcf7-69f59dc78a040-wrapper" class="wpcf7-form-control-wrap honeypot-123-wrap" style="display:none !important; visibility:hidden !important;"><label for="wpcf7-69f59dc78a040-field" class="hp-message">Bitte lasse dieses Feld leer.</label><input id="wpcf7-69f59dc78a040-field"  class="wpcf7-form-control wpcf7-text" type="text" name="honeypot-123" value="" size="40" tabindex="-1" autocomplete="new-password" /></span>
</p>
<p><label> Ihre E-Mail-Adresse<br />
<span class="wpcf7-form-control-wrap" data-name="your-email"><input size="40" maxlength="400" class="wpcf7-form-control wpcf7-email wpcf7-validates-as-required wpcf7-text wpcf7-validates-as-email" autocomplete="email" aria-required="true" aria-invalid="false" value="" type="email" name="your-email" /></span> </label>
</p>
<p><label> Betreff<br />
<span class="wpcf7-form-control-wrap" data-name="your-subject"><input size="40" maxlength="400" class="wpcf7-form-control wpcf7-text wpcf7-validates-as-required" aria-required="true" aria-invalid="false" value="" type="text" name="your-subject" /></span> </label>
</p>
<p><label> Ihre Anschrift<br />
<span class="wpcf7-form-control-wrap" data-name="textarea-851"><textarea cols="40" rows="10" maxlength="2000" class="wpcf7-form-control wpcf7-textarea wpcf7-validates-as-required" aria-required="true" aria-invalid="false" name="textarea-851"></textarea></span></label>
</p>
<p><label> Telefonnummer<br />
<span class="wpcf7-form-control-wrap" data-name="tel-307"><input size="40" maxlength="400" class="wpcf7-form-control wpcf7-tel wpcf7-text wpcf7-validates-as-tel" aria-invalid="false" value="" type="tel" name="tel-307" /></span></label>
</p>
<p><label> Ihre Nachricht (optional)<br />
<span class="wpcf7-form-control-wrap" data-name="your-message"><textarea cols="40" rows="10" maxlength="2000" class="wpcf7-form-control wpcf7-textarea" aria-invalid="false" name="your-message"></textarea></span> </label>
</p>
<p><span class="wpcf7-form-control-wrap" data-name="acceptance-763"><span class="wpcf7-form-control wpcf7-acceptance"><span class="wpcf7-list-item"><label><input type="checkbox" name="acceptance-763" value="1" aria-invalid="false" /><span class="wpcf7-list-item-label">Teilnahmebedingungen anerkannt - <a href="/wp-content/uploads/2025/02/Teilnahmebedingungen-Kurse-mit-Susanne-Klamm-Fiolka_2.pdf" target="_blank" rel="noopener">hier lesen</a></span></label></span></span></span>
</p>
<p><span class="wpcf7-form-control-wrap" data-name="acceptance-11"><span class="wpcf7-form-control wpcf7-acceptance"><span class="wpcf7-list-item"><label><input type="checkbox" name="acceptance-11" value="1" aria-invalid="false" /><span class="wpcf7-list-item-label">Ich stimme zu, dass meine Angaben aus dem Kontaktformular zur Beantwortung meiner Anfrage und für Rückfragen dauerhaft gespeichert werden. Hinweis: Sie können Ihre Einwilligung jederzeit für die Zukunft per E-Mail an <a href="mailto:mail@hofwerkstatt.de" target="_blank" rel="noopener">mail@hofwerkstatt.de</a> widerrufen. Detaillierte Informationen zum Umgang mit Nutzerdaten finden Sie in meiner <a href="/en/datenschutzerklaerung/" target="_blank" rel="noopener">Datenschutzerklärung</a>.</span></label></span></span></span>
</p>
<p><input class="wpcf7-form-control wpcf7-submit has-spinner" type="submit" value="Senden" />
</p><div class="wpcf7-response-output" aria-hidden="true"></div>
<input type="hidden" name="trp-form-language" value="en"/></form>
</div>

<p> </p>

<p>Susanne Klamm-Fiolka &#8222;Warum sollten wir alle unsere kreative Kraft nutzen&#8230;?Weil es nichts gibt, das Menschen so großzügig, so froh, so lebendig, so mutig und so mitfühlend werden läßt und so gleichgültig dem Kämpfen gegenüber und der Anhäufung von Gütern und Geld.&#8220; Zitat von Brenda Ueland   DI | 17.45-19.15 h | Allgemeine offene Gruppe Der Kurs [&hellip;]</p>
